+ 88 = 0. Calculate the remainder when (16/10)/(-1)*(-29 - 1) is divided by a.
14
Let f(b) = b**3 + 7*b**2 + 3*b - 8. Let n be f(-6). Let y = -8 + n. Calculate the remainder when 13 is divided by ((-4)/6)/(y/(-15)).
3
Suppose -f + 7 = -2*u, 2*f - f - 3*u - 5 = 0. Suppose 6*x = 2*x + 116. Suppose -x = -2*w + 33. What is the remainder when w is divided by f?
9
Let w(b) = 3*b + 6 - 2*b - 2. Suppose -23 = -2*i - 3*a, -i - a + 13 = i. What is the remainder when w(6) is divided by i?
2
Calculate the remainder when 2/(-5)*-121 + 3/5 is divided by 10.
9
What is the remainder when -1 + 3 + 13 + -10 + 6 is divided by 4?
3
Suppose -2*n + 15 = 5. Suppose o - n - 8 = 0. Suppose -4*u = -23 - 5. Calculate the remainder when o is divided by u.
6
Let f(c) = -2*c + 10. Calculate the remainder when 78 is divided by f(-5).
18
Let q = 7 + 8. What is the remainder when 43 is divided by q?
13
Suppose 5*t = 2*j - 0*j - 12, -4*t = 2*j + 6. Let i = j - -17. Let g = 47 - i. Calculate the remainder when g is divided by 15.
14
Let n = 70 - 47. Calculate the remainder when n is divided by 8.
7
Let a(i) = i**2 + 28*i + 50. What is the remainder when a(-28) is divided by 28?
22
Let k = 6 + 15. Let s(c) = c**3 + 3*c**2 - 7*c - 6. Let d be s(-4). What is the remainder when k is divided by ((-2)/d)/((-1)/33)?
10
Suppose 12*a - 2704 = 16*a. What is the remainder when 60 is divided by a/(-32) - (-2)/(-16)?
18
Let f be 107/3 + 20/(-30). Let u = 7 + f. What is the remainder when u is divided by 15?
12
Let b be (1 - 0)/(3/12). Let y(u) = u**2 - 2*u - 3. What is the remainder when 8 is divided by y(b)?
3
Calculate the remainder when 96 is divided by (1 - 3)*143/(-26).
8
Let a(u) = -u**3 + 12*u**2 + 7*u + 25. What is the remainder when a(12) is divided by 37?
35
Let u(m) = m - 3. Let o be u(5). Suppose -2 = -o*h + h. What is the remainder when (-2)/6*(1 - 13) is divided by h?
0
Suppose 5*q + 3*c - 130 = 0, 45 = 4*q - 2*c - 59. Calculate the remainder when 47 is divided by q.
21
Suppose 3*f - w + 3*w - 274 = 0, 184 = 2*f + 2*w. Calculate the remainder when f is divided by 23.
21
Suppose -10 - 5 = -5*s. Suppose -p = -s*p + 40. What is the remainder when 67 is divided by 2/2 + (p - -2)?
21
What is the remainder when -2*(-10)/(-4)*(-152)/40 is divided by 11?
8
Suppose 4*t - 5*c = 68, t - 2*t + 16 = -c. What is the remainder when 17 is divided by t?
5
What is the remainder when 5/(1 + -11)*354/(-3) is divided by 15?
14
Suppose -5*a + 8 = -a. Let z(q) = -2*q**2 + 8*q + 0*q + q**3 + a - 5*q**2. Calculate the remainder when 40 is divided by z(6).
12
Suppose -4*c + 8*c = 96. Let w(q) = -q**3 - 6*q**2 + 4*q - 3. Calculate the remainder when w(-8) is divided by c.
21
Suppose 0 = b + h - 16, -2*b + b + 3*h - 4 = 0. Let x(i) = -2*i + 12. Let k be x(-10). Let z = k - 0. Calculate the remainder when z is divided by b.
10
Suppose 3*g + 5 = 4*g. What is the remainder when (-4)/(-14) + (-262)/(-14) is divided by g?
4
Let n(f) = -f**3 + f**2. Let d = 2 - 3. Let x be n(d). Suppose 2*t - x + 0 = 0. Calculate the remainder when t is divided by 1.
0
Suppose -25 = -3*i + 5. What is the remainder when i is divided by 3?
1
Let s(c) = -2*c**2 + 0*c + 0*c - c**3 - 3 + 2*c. Calculate the remainder when s(-4) is divided by 12.
9
Let k be (-2 + 4)*29/1. Let l = -37 + k. Let t(u) = 39*u**2 + u. Calculate the remainder when t(1) is divided by l.
19
Let w(r) = -r**2 + 10*r + 5. Calculate the remainder when w(7) is divided by 9.
8
Let x(w) = 5*w + 0*w - 3*w - w + 17. What is the remainder when 22 is divided by x(-11)?
4
Let i(v) = v**3 - 9*v**2 + 12. Let s be i(9). Let w = 1 - 1. Let h = s + w. What is the remainder when 22 is divided by h?
10
Let v be (-2)/(-6) + 2/3. Let o be v/(-1)*(-25)/5. Suppose 0 = o*i + d - 67, 5*i - 33 - 22 = 5*d. Calculate the remainder when 24 is divided by i.
11
Suppose -4*j + 20 = -0*j. What is the remainder when j is divided by (-8)/(-6)*9/6?
1
Let s(o) = -2*o**3 + 4*o**2 - o - 4. Let t be s(3). Let w = -18 - t. Calculate the remainder when 2 + 2/(6/33) is divided by w.
6
Let q = 225 + -135. What is the remainder when q is divided by 23?
21
Suppose y + 0 = 3. Suppose 5*v - 4 = 6. Suppose y*u = -v*u + 115. What is the remainder when u is divided by 12?
11
Suppose 2*p + m + 3*m - 10 = 0, -5*p + 37 = 4*m. What is the remainder when 43 is divided by p?
7
Let z(b) = b**3 - 8*b**2 - 15*b + 19. Calculate the remainder when z(10) is divided by 36.
33
Let m = 62 + -40. Calculate the remainder when m is divided by 1/(-4) - (-594)/72.
6
Let s = -12 - -15. Suppose -s*h + 26 = -22. Calculate the remainder when 45 is divided by h.
13
Suppose 5*f - 40 = 5*s, 11 - 35 = 4*s - 2*f. What is the remainder when (-548)/(-16) + 1/s is divided by 18?
16
Let c(o) = 2*o**2 + 2*o - 50. Let m(g) = -4*g + 1. Calculate the remainder when c(-8) is divided by m(-5).
20
Suppose 10 - 8 = z. Suppose -5*o = -k - 8, k + 0*o = -z*o + 6. Calculate the remainder when 3 is divided by k.
1
Let g = 39 + -29. Calculate the remainder when 49 is divided by g.
9
Let u = 43 - 5. What is the remainder when u is divided by 10?
8
Suppose 42 = 4*h - 2*h - 4*g, -3*h + 4*g + 57 = 0. Suppose -2*l = k - 54, k - 49 = -0*k - l. Calculate the remainder when k is divided by h.
14
What is the remainder when (-2)/(-5) - (-233)/5 is divided by 16?
15
Let c(w) = 75*w**3 - 2*w**2 - 2*w - 1. Suppose 2*g - 3*g = 1. Let h be c(g). Calculate the remainder when (h/(-8))/(2/4) is divided by 10.
9
Let f = 76 + -45. Let q = f + -14. What is the remainder when q is divided by 9?
8
Let s(b) = b**3 + 8*b**2 + 8*b + 11. What is the remainder when 11 is divided by s(-7)?
3
Let i(z) = -11*z - 6. Calculate the remainder when 111 is divided by i(-2).
15
Suppose -5 = 5*j, -o + 12 = -0*o - 5*j. Suppose 3*g = s - 2*s - 1, 5*g + 3 = -s. Let n = 7 - s. Calculate the remainder when o is divided by n.
2
Let d be (-2)/(-6) + 238/(-3). Let r = -13 - d. Let x = r - 35. Calculate the remainder when x is divided by 11.
9
Suppose k = 3*h - 8, 0 = 3*k - 1 + 7. Suppose -3*c + 2*q = h*c - 19, -3*c + 3 = -4*q. What is the remainder when 18 is divided by c?
3
Let j = -131 + 175. What is the remainder when j is divided by 9?
8
What is the remainder when 32 is divided by 5 + (3/(-3) - -3)?
4
Suppose 20*c - 294 = 18*c. What is the remainder when c is divided by 37?
36
Suppose 5*o + 1 = 2*o + 5*c, o - c = 1. Calculate the remainder when 20 is divided by o - (-1 - 0)*5.
4
Let o = 25 + -1. What is the remainder when o is divided by 13?
11
Let x = 28 - 15. Calculate the remainder when 37 is divided by x.
11
Suppose 0*q = -4*q + 68. Calculate the remainder when 118 is divided by q.
16
Let j(s) = s**3 + s**2 - s + s**2 + 0 - 1 + 0*s**3. Calculate the remainder when 1 is divided by j(-2).
0
Let v = -33 - -80. Let g be (-1)/4 - (-42)/8. Suppose 5*d - 60 = -g*w, -2*w + 2*d = -v + 15. Calculate the remainder when 41 is divided by w.
13
Calculate the remainder when (12/(-10))/((-1)/5) is divided by 5/3*(-18)/(-15).
0
Suppose 3*b + b - 36 = 0. Suppose -3*q + 117 = b. Calculate the remainder when q is divided by (-2)/(-5) + 279/15.
17
Let h = 8 - 4. Suppose -2*m - 6 = -o + h, -o = -5*m - 19. Let s(r) = r**3 - r**2 - 3*r. What is the remainder when s(3) is divided by o?
1
Suppose 2*u - 38 = -0*u. What is the remainder when u is divided by (15*1)/((-9)/(-6))?
9
Let z be ((-11)/4)/(1/(-4)). Calculate the remainder when 2/8*(-7 + z) is divided by 1.
0
Suppose 35 = 5*s - w + 2*w, -4*s - 2*w = -22. Calculate the remainder when 9 is divided by s + -1 + (4 - 5).
3
Suppose 6*q - 3*q - 54 = 0. Let z be -3 + 4/(-6)*-6. Let t = 11 - z. Calculate the remainder when q is divided by t.
8
Let a(m) = m + 12. Let k be a(-10). What is the remainder when (k/(-3))/((-10)/855) is divided by 15?
12
Let c be 2/4*(-24)/4. Calculate the remainder when 54 is divided by -1*(2 - (c + 19)).
12
Suppose 18 = l - 0. Calculate the remainder when 33 is divided by l.
15
Let s(a) = 98*a**2 + 1. Calculate the remainder when s(1) is divided by 34.
31
Suppose -8*w + 10 = -6*w. Suppose -1 = -n + 2*z, 2 - 13 = -4*n + z. What is the remainder when w is divided by n?
2
Suppose 0 = g - 5*m - 27, 3*g - 4*m = -2*g + 72. What is the remainder when 46 is divided by g?
10
Let m = 47 - 28. Calculate the remainder when 53 is divided by m.
15
Suppo